atest common divisor of 18 and q.
18
Let k be 5/(-5) - 1*-22. Let f be 1/((-3)/(-314)) + 7/21. Calculate the greatest common factor of k and f.
21
Suppose 5*p + 45 - 110 = 0. What is the greatest common divisor of p and 13?
13
Suppose 3 = -3*r - 3*z, 5*r - 4*r + 7 = -3*z. Suppose -r*o + 96 = -5*q + 3*q, 4*o + 5*q = 228. Calculate the highest common divisor of 13 and o.
13
Let t(h) = 16*h**2 + 32*h + 103. Let w be t(-5). What is the highest common factor of w and 98?
49
Let w be ((-2)/2)/(9/(-297)). What is the greatest common divisor of 143 and w?
11
Suppose 71 = -3*j - 3*n + 635, -4*n = 5*j - 944. What is the greatest common divisor of 168 and j?
24
Suppose -35*a = -40*a + 40. Calculate the greatest common divisor of a and 4.
4
Let f be 2 + (-1)/(2/(-8)). Let r be ((-4)/(-6) - 1)*3. Let n be r/((-3)/f) - -2. Calculate the greatest common factor of 36 and n.
4
Let j(h) = h**2 + 5. Let x be (2/3)/(1/6). Let l be j(x). Calculate the highest common divisor of 63 and l.
21
Suppose 1982 = 3*k + 4*c, 24*c - 2634 = -4*k + 23*c. Calculate the highest common factor of k and 235.
47
Suppose -3*o - 4*l = -140, 5*l + 197 = -50*o + 54*o. What is the highest common divisor of 18 and o?
6
Let f be (14/(-6) - (-3)/1)*63. What is the highest common factor of 189 and f?
21
Let d(m) = m**3 + 8*m**2 - 7*m + 7. Let o be d(-8). Suppose -o = -4*l - 15. What is the greatest common divisor of 132 and l?
12
Suppose m + 13*b - 64 = 9*b, 64 = m - 3*b. What is the highest common divisor of m and 2?
2
Suppose -9 - 15 = -3*j. Suppose 8 = j*d - 0*d. What is the highest common factor of 7 and d?
1
Suppose 0 = 631*p - 495*p - 6800. Let x be -5*25/(2/(-2)). What is the greatest common factor of x and p?
25
Let d be 136/24*6 + -8. What is the highest common factor of d and 78?
26
Suppose 3*h - 1 + 16 = 0, -3*h = 2*g - 4985. What is the greatest common factor of 100 and g?
100
Let z be (-15)/(-10)*460/(-15). Let n = 80 - z. Calculate the greatest common divisor of 14 and n.
14
Let q = -482 + 530. Calculate the greatest common factor of 192 and q.
48
Suppose -r - 8 + 1 = 0. Let b = 11 + r. Suppose 3*k - 2*w = 70, 2*k = -b*w + 47 + 5. Calculate the highest common factor of 8 and k.
8
Let i(p) = -20*p**3 - 2*p**2 - 4*p - 2. Let m be i(-1). What is the greatest common divisor of 8 and m?
4
Let y(k) = -5*k - 2. Let l be 2/(-1) + 14/(-1). Let q be y(l). Suppose 8 = 2*i - 18. Calculate the highest common divisor of i and q.
13
Let g be (-2)/(-15) + 892/60. Let m = -80 + 200. Calculate the greatest common divisor of g and m.
15
Let a be 2 - (-2 - 35)*1. Let i be (3/(-4))/((-504)/8736). Calculate the greatest common divisor of i and a.
13
Let g = -43 + 78. Calculate the highest common divisor of g and 7.
7
Suppose -1 + 3 = b, 14 = 2*s + 5*b. Suppose s*t - 46 = -2*m, -2*m + 0*t = -5*t - 53. Calculate the greatest common factor of m and 60.
12
Let y = 26 - 14. Let v be (-412)/(-24) + (-2)/y. Suppose -x + 612 = 3*x. Calculate the greatest common factor of v and x.
17
Suppose -6*z + 2 = -28. Suppose z*w = -2*s + 350, -146 = -2*w - 0*w - 2*s. Let q be ((-34)/8)/(2/(-8)). Calculate the highest common divisor of q and w.
17
Suppose -4*n - 712 = -3*x, 2*x - 99 = -4*n + 389. What is the greatest common factor of 96 and x?
48
Let j be (-2*1 - 1) + (-588)/(-21). Let h = j - 18. Let d(o) = -10*o + 3. Let u be d(-6). What is the greatest common factor of u and h?
7
Let u(o) = 4*o**2 - 23*o + 224. Let v be u(16). Calculate the highest common factor of 48 and v.
16
Let b(m) = 12*m**2 + 5 - 2*m**2 + 7*m**2 - 5*m - m**2. Let h be b(1). Calculate the greatest common divisor of 128 and h.
16
Let a(i) = -17*i. Let u be a(1). Let j = 20 + u. What is the highest common factor of 3 and j?
3
Let t = 2 + -6. Let r be (-74)/t + 11/(-22). What is the highest common factor of 144 and r?
18
Suppose c + 44 = 2*j, 0 = -4*c + j - 4*j - 176. Let i = c + 60. Calculate the highest common divisor of 40 and i.
8
Let t(x) = -9*x + 8. Let g be t(-10). Let z be (29 - 1)*(-14)/(-28). What is the greatest common divisor of g and z?
14
Let t be 19/3 - 8/6. Let r(b) = 9*b + 1. Let q be r(t). Suppose -2*u + q + 14 = 0. What is the greatest common divisor of 45 and u?
15
Suppose s - 5*n + 4 = 0, 0 = -4*s - n - 4*n + 34. What is the greatest common factor of s and 8?
2
Suppose 5*s - 65 = -2*n - 344, -4*s = 4*n + 228. Let g be (12/10)/((-11)/s). Calculate the greatest common factor of 9 and g.
3
Let u(h) = -h**3 - 27*h**2 - 130*h - 4. Let k be u(-21). Calculate the greatest common divisor of 32 and k.
16
Let k be ((-6)/(-4))/((-12)/64). Let v = k - -22. Let r be 2/7 - (-2516)/v. Calculate the greatest common factor of r and 20.
20
Suppose -35*h - 166 = -2*a - 31*h, -2*a + 181 = -h. What is the greatest common divisor of 217 and a?
31
Suppose y + 185 = 3*p + 6*y, -y = -3*p + 161. What is the highest common divisor of p and 11?
11
Let v be -1 + 84/7 - -137. What is the greatest common divisor of v and 666?
74
Let p be (-1897)/4 - (-4)/16. Let m be (p - 2)/(-4) - -1. Suppose z - m = -2*z. Calculate the greatest common divisor of 20 and z.
20
Let t(o) = 2*o**2 - 6*o + o**3 + 5 - 3*o**2 - o**2. Let m be t(4). Calculate the highest common divisor of m and 117.
13
Let h be (-1)/(-6 + 46/8). Suppose -10 = -3*k + 2. What is the highest common divisor of k and h?
4
Let h be (-6)/(-8) + (-1269)/(-36). Let w be ((-18)/(-4))/((-1)/4). Let c be 48/w*9/(-6). What is the highest common divisor of h and c?
4
Suppose 141 + 1479 = 15*z. Calculate the greatest common divisor of z and 504.
36
Let f = -3 - -28. Suppose -o = -2*o + 3*q + 20, -2*o + 3*q + f = 0. What is the greatest common factor of 5 and o?
5
Let g(h) = -h + 1. Let f = -9 + 9. Suppose f*o - 5*o - 65 = 0. Let q be g(o). What is the highest common factor of 154 and q?
14
Let n be (5/10)/(2/44) + -4. Calculate the greatest common factor of 399 and n.
7
Let r = 193 - 453. Let j be (1/4)/(6 + 1555/r). Calculate the highest common divisor of 13 and j.
13
Let t be (-10)/85 + ((-25256)/(-238) - 2). Let y be (-2 - (-1 - -1)) + 28. Calculate the greatest common factor of y and t.
26
Let t(s) = s**2. Let q be t(2). Suppose -p = 3*y - 4*y, -q = 2*y + 2*p. Let u(f) = -11*f + 2. Let j be u(y). Calculate the greatest common factor of 13 and j.
13
Let s be (-2)/(-4) - (-1 + (-14)/4). Suppose f = 3*j + 16, -2*j + 0 = -s*f + 15. Calculate the greatest common factor of 2 and f.
1
Suppose 3*n - 331 = -43. What is the highest common factor of n and 2784?
96
Let z be 4*(-1)/((-4)/14). Let h = 22 + -20. Let m be (70/4 + 0)*h. What is the highest common divisor of m and z?
7
Let b = 53 + -53. Suppose b = -3*a + 9, -2*a - 9 = -2*n + 81. What is the greatest common divisor of 144 and n?
48
Let b be 9/6 - (-51)/(-6). Let z = b - -10. Suppose 15 = 5*a, 0 = z*q - 0*a - a - 21. Calculate the highest common divisor of 32 and q.
8
Let p(g) = 5*g**2 - 9*g - 27. Let o be p(-3). What is the highest common divisor of o and 5?
5
Suppose 0*q - 1308 = -4*q. Suppose -q = -3*f - 72. Suppose h = 3*u - f, -h + 4 = -2*h. What is the highest common factor of u and 9?
9
Suppose 0 = 4*z + y - 55 - 60, -4*z + 5*y = -145. Let s be (69/(-2))/((-9)/z). Let d be 2*1*(-46)/(-4). What is the highest common divisor of d and s?
23
Let q = 125 - 117. Calculate the highest common factor of q and 248.
8
Let x = -687 + 710. Let f = 854 + -601. What is the greatest common factor of x and f?
23
Let y be 72/(-180) - (-1192)/5. What is the highest common factor of y and 17?
17
Let y = -8 - -13. Let t = -467 + 472. What is the greatest common factor of y and t?
5
Let n = 7 + -11. Let m be -11 + (n - (-1 - 1)). Let j = m + 35. What is the greatest common factor of j and 33?
11
Suppose 3*y - 1 = l - 15, 3*y + 15 = 0. Let b be -1 - ((-5 - l) + -103). Calculate the highest common factor of b and 265.
53
Let t = -22 - -24. Suppose -2*j + t = -26. What is the greatest common factor of 14 and j?
14
Suppose -7*z = -29*z + 132. Let d(p) = 29*p**3 + p**2 - p + 1. Let o be d(1). What is the highest common divisor of o and z?
6
Suppose 19*f + 6039 = 16014. Calculate the highest common divisor of 21 and f.
21
Let f = 4 + -2. Suppose -f*x + 15 = 3*x. Suppose 720 = 3*n + x*n. What is the highest common divisor of 24 and n?
24
Let g(o) = -12*o - 48. Let a be g(-14).